{"id":10,"date":"2021-09-20T17:07:35","date_gmt":"2021-09-20T17:07:35","guid":{"rendered":"https:\/\/smegreenskillshub.eu\/virtualcampus_es\/?page_id=10"},"modified":"2023-10-27T23:34:29","modified_gmt":"2023-10-27T23:34:29","slug":"home","status":"publish","type":"page","link":"https:\/\/smegreenskillshub.eu\/virtualcampus_es\/","title":{"rendered":"CAMPUS Virtual"},"content":{"rendered":"\t\t<div data-elementor-type=\"wp-page\" data-elementor-id=\"10\" class=\"elementor elementor-10\">\n\t\t\t\t\t\t\t\t\t<section class=\"elementor-section elementor-top-section elementor-element elementor-element-bb01151 elementor-section-boxed elementor-section-height-default elementor-section-height-default\" data-id=\"bb01151\" data-element_type=\"section\" data-settings=\"{&quot;background_background&quot;:&quot;classic&quot;}\">\n\t\t\t\t\t\t<div class=\"elementor-container elementor-column-gap-default\">\n\t\t\t\t\t<div class=\"elementor-column elementor-col-100 elementor-top-column elementor-element elementor-element-1446a1b\" data-id=\"1446a1b\" data-element_type=\"column\">\n\t\t\t<div class=\"elementor-widget-wrap elementor-element-populated\">\n\t\t\t\t\t\t\t\t<div class=\"elementor-element elementor-element-0db8ce5 elementor-widget elementor-widget-heading\" data-id=\"0db8ce5\" data-element_type=\"widget\" data-widget_type=\"heading.default\">\n\t\t\t\t<div class=\"elementor-widget-container\">\n\t\t\t<style>\/*! elementor - v3.10.2 - 29-01-2023 *\/\n.elementor-heading-title{padding:0;margin:0;line-height:1}.elementor-widget-heading .elementor-heading-title[class*=elementor-size-]>a{color:inherit;font-size:inherit;line-height:inherit}.elementor-widget-heading .elementor-heading-title.elementor-size-small{font-size:15px}.elementor-widget-heading .elementor-heading-title.elementor-size-medium{font-size:19px}.elementor-widget-heading .elementor-heading-title.elementor-size-large{font-size:29px}.elementor-widget-heading .elementor-heading-title.elementor-size-xl{font-size:39px}.elementor-widget-heading .elementor-heading-title.elementor-size-xxl{font-size:59px}<\/style><h1 class=\"elementor-heading-title elementor-size-default\">CAMPUS VIRTUAL<\/h1>\t\t<\/div>\n\t\t\t\t<\/div>\n\t\t\t\t<div class=\"elementor-element elementor-element-fd920c6 elementor-widget elementor-widget-heading\" data-id=\"fd920c6\" data-element_type=\"widget\" data-widget_type=\"heading.default\">\n\t\t\t\t<div class=\"elementor-widget-container\">\n\t\t\t<h2 class=\"elementor-heading-title elementor-size-default\">SME Green Skills HUB<\/h2>\t\t<\/div>\n\t\t\t\t<\/div>\n\t\t\t\t\t<\/div>\n\t\t<\/div>\n\t\t\t\t\t\t\t<\/div>\n\t\t<\/section>\n\t\t\t\t<section class=\"elementor-section elementor-top-section elementor-element elementor-element-9564614 elementor-section-boxed elementor-section-height-default elementor-section-height-default\" data-id=\"9564614\" data-element_type=\"section\">\n\t\t\t\t\t\t<div class=\"elementor-container elementor-column-gap-default\">\n\t\t\t\t\t<div class=\"elementor-column elementor-col-100 elementor-top-column elementor-element elementor-element-ebabe7b\" data-id=\"ebabe7b\" data-element_type=\"column\">\n\t\t\t<div class=\"elementor-widget-wrap elementor-element-populated\">\n\t\t\t\t\t\t\t\t<div class=\"elementor-element elementor-element-43ea05a elementor-widget elementor-widget-text-editor\" data-id=\"43ea05a\" data-element_type=\"widget\" data-widget_type=\"text-editor.default\">\n\t\t\t\t<div class=\"elementor-widget-container\">\n\t\t\t<style>\/*! elementor - v3.10.2 - 29-01-2023 *\/\n.elementor-widget-text-editor.elementor-drop-cap-view-stacked .elementor-drop-cap{background-color:#818a91;color:#fff}.elementor-widget-text-editor.elementor-drop-cap-view-framed .elementor-drop-cap{color:#818a91;border:3px solid;background-color:transparent}.elementor-widget-text-editor:not(.elementor-drop-cap-view-default) .elementor-drop-cap{margin-top:8px}.elementor-widget-text-editor:not(.elementor-drop-cap-view-default) .elementor-drop-cap-letter{width:1em;height:1em}.elementor-widget-text-editor .elementor-drop-cap{float:left;text-align:center;line-height:1;font-size:50px}.elementor-widget-text-editor .elementor-drop-cap-letter{display:inline-block}<\/style>\t\t\t\t<p><span style=\"font-weight: 400;\">El Campus Virtual <b>SME Green Skills HUB<\/b> es una plataforma digital multiling\u00fce en l\u00ednea que ofrece actividades y recursos educativos para apoyar la implementaci\u00f3n de los <b>Objetivos de Desarrollo Sostenible <\/b>(ODS) en las <b>peque\u00f1as y medianas empresas<\/b> (PYMES) a trav\u00e9s de la <b>Educaci\u00f3n y Formaci\u00f3n Profesional<\/b> (EFP)<\/span><span style=\"font-weight: 400;\">.<\/span><\/p><p><span style=\"font-weight: 400;\">El Campus Virtual tiene como objetivo mejorar las competencias de los <b>profesores, formadores, consultores y mentores de Educaci\u00f3n y Formaci\u00f3n Profesional<\/b> para ayudar a los directivos y al personal de las pymes europeas a transformar su actual forma de hacer negocios para lograr un mundo m\u00e1s sostenible.<\/span><\/p><p><span style=\"font-weight: 400;\">El Campus Virtual <b>SME Green Skills HUB <\/b>est\u00e1 disponible en ingl\u00e9s, italiano, portugu\u00e9s, espa\u00f1ol y turco. Proporciona acceso a los siguientes pilares principales del proyecto:<\/span><\/p><ul><li><span style=\"font-weight: 400;\">Una <\/span><a href=\"https:\/\/smegreenskillshub.eu\/virtualcampus_es\/online-instructional-guide\/\" rel=\"noopener\"><b>Gu\u00eda did\u00e1ctica sobre competencias digitales<\/b><\/a><span style=\"font-weight: 400;\"> para el Aprendizaje Virtual, dise\u00f1ada para mejorar las habilidades digitales de los profesores, formadores, consultores y mentores de EFP, y facilitar su interacci\u00f3n con los entornos de aprendizaje virtual. La gu\u00eda puede descargarse gratuitamente en versi\u00f3n PDF.<\/span><\/li><li><a href=\"https:\/\/smegreenskillshub.eu\/virtualcampus_es\/training-modules\/\" rel=\"noopener\"><b>Esquema de m\u00f3dulos de formaci\u00f3n<\/b><\/a><span style=\"font-weight: 400;\">, un conjunto estructurado de contenidos de formaci\u00f3n innovadores y actividades pr\u00e1cticas sobre c\u00f3mo apoyar la aplicaci\u00f3n de los ODS en las pymes a trav\u00e9s de la educaci\u00f3n y la formaci\u00f3n profesional. Puede servir como modelo para establecer un programa de formaci\u00f3n por parte del educador. El documento completo est\u00e1 disponible para su descarga gratuita en formato PDF.<\/span><\/li><li><span style=\"font-weight: 400;\">Un conjunto completo de <\/span><a href=\"https:\/\/smegreenskillshub.eu\/virtualcampus_es\/vooc\/\" rel=\"noopener\"><b>cursos profesionales abiertos en l\u00ednea<\/b><span style=\"font-weight: 400;\"> (<\/span><b>VOOC<\/b><\/a><span style=\"font-weight: 400;\">). Se trata de materiales de aprendizaje dise\u00f1ados para ayudar a los profesores, formadores, consultores y mentores de EFP a apoyar la aplicaci\u00f3n de los ODS en las pymes, desarrollados sobre la base del Marco Europeo de Competencias. Puede acceder al VOOC de forma gratuita simplemente registr\u00e1ndose e iniciando sesi\u00f3n.<\/span><\/li><li>Un <a href=\"https:\/\/smegreenskillshub.eu\/virtualcampus_es\/manual-de-gamificacion\/\"><strong>Manual de Gamificaci\u00f3n<\/strong><\/a> para implementar los ODS en las pymes. Esta gu\u00eda pr\u00e1ctica ofrece ideas, consejos, ejemplos y buenas pr\u00e1cticas sobre las ventajas de aplicar la gamificaci\u00f3n en la Educaci\u00f3n y Formaci\u00f3n Profesional para abordar los retos de la sostenibilidad global.<\/li><li><span style=\"font-weight: 400;\">La <\/span><a href=\"https:\/\/smegreenskillshub.eu\/virtualcampus_es\/assessment-app\/\"><b>App de evaluaci\u00f3n<\/b><\/a><span style=\"font-weight: 400;\">, que es una herramienta de evaluaci\u00f3n en l\u00ednea que puede ser utilizada por los profesores, formadores, consultores y mentores de EFP para identificar su nivel de competencia y los requisitos de formaci\u00f3n relacionados para apoyar la implementaci\u00f3n de los ODS en las pymes<\/span><span style=\"font-weight: 400;\">.<\/span><\/li><\/ul><p><b>\u00bfPor qu\u00e9 deber\u00eda utilizar los materiales que se ofrecen aqu\u00ed?<\/b><\/p><p><span style=\"font-weight: 400;\">Las actividades y recursos educativos incluidos en este Campus Virtual proporcionan una valiosa gama de informaci\u00f3n sobre c\u00f3mo apoyar la aplicaci\u00f3n de los Objetivos de Desarrollo Sostenible en las pymes a trav\u00e9s de la educaci\u00f3n y la formaci\u00f3n profesional. Los m\u00f3dulos de aprendizaje incluyen actividades que pueden aplicarse como tales, pero que tambi\u00e9n pueden adaptarse a sus necesidades cuando se realicen sesiones presenciales con el personal de estas empresas. Los VOOC est\u00e1n dise\u00f1ados para ayudar a mejorar el conocimiento y la comprensi\u00f3n de las diferentes formas de transformar las pymes hacia la sostenibilidad, y c\u00f3mo involucrarlas en este proceso.<\/span><\/p><p><b>\u00bfCu\u00e1l es el objetivo de la App de evaluaci\u00f3n?<\/b><\/p><p><span style=\"font-weight: 400;\">La App de evaluaci\u00f3n permite a los profesores, formadores, consultores y mentores de EFP evaluar su nivel actual de competencia para apoyar la aplicaci\u00f3n de los ODS en las pymes. Proporcionar\u00e1 informaci\u00f3n de retorno y contendr\u00e1 recomendaciones sobre los cursos de formaci\u00f3n a los que deben asistir. Tambi\u00e9n contiene un &#8220;Plan de Mejora&#8221; que proporciona un conjunto de actividades (y espacio para hacer un seguimiento de su progreso) con el fin de aumentar su conocimiento, comprensi\u00f3n y experiencia en el campo de la sostenibilidad en las empresas.<\/span><\/p><p style=\"margin-bottom: 0cm; tab-stops: 120.5pt;\"><span style=\"color: var( --e-global-color-text ); font-family: var( --e-global-typography-text-font-family ), Sans-serif; font-weight: var( --e-global-typography-text-font-weight );\">\u00a0<\/span><\/p>\t\t\t\t\t\t<\/div>\n\t\t\t\t<\/div>\n\t\t\t\t\t<\/div>\n\t\t<\/div>\n\t\t\t\t\t\t\t<\/div>\n\t\t<\/section>\n\t\t\t\t\t\t\t<\/div>\n\t\t","protected":false},"excerpt":{"rendered":"<p>CAMPUS VIRTUAL SME Green Skills HUB El Campus Virtual SME Green Skills HUB es una plataforma digital multiling\u00fce en l\u00ednea que ofrece actividades y recursos educativos para apoyar la implementaci\u00f3n &hellip; <\/p>\n","protected":false},"author":1,"featured_media":0,"parent":0,"menu_order":0,"comment_status":"closed","ping_status":"closed","template":"elementor_header_footer","meta":[],"acf":[],"_links":{"self":[{"href":"https:\/\/smegreenskillshub.eu\/virtualcampus_es\/wp-json\/wp\/v2\/pages\/10"}],"collection":[{"href":"https:\/\/smegreenskillshub.eu\/virtualcampus_es\/wp-json\/wp\/v2\/pages"}],"about":[{"href":"https:\/\/smegreenskillshub.eu\/virtualcampus_es\/wp-json\/wp\/v2\/types\/page"}],"author":[{"embeddable":true,"href":"https:\/\/smegreenskillshub.eu\/virtualcampus_es\/wp-json\/wp\/v2\/users\/1"}],"replies":[{"embeddable":true,"href":"https:\/\/smegreenskillshub.eu\/virtualcampus_es\/wp-json\/wp\/v2\/comments?post=10"}],"version-history":[{"count":94,"href":"https:\/\/smegreenskillshub.eu\/virtualcampus_es\/wp-json\/wp\/v2\/pages\/10\/revisions"}],"predecessor-version":[{"id":2038,"href":"https:\/\/smegreenskillshub.eu\/virtualcampus_es\/wp-json\/wp\/v2\/pages\/10\/revisions\/2038"}],"wp:attachment":[{"href":"https:\/\/smegreenskillshub.eu\/virtualcampus_es\/wp-json\/wp\/v2\/media?parent=10"}],"curies":[{"name":"wp","href":"https:\/\/api.w.org\/{rel}","templated":true}]}}