{"id":2030,"date":"2023-10-27T23:31:20","date_gmt":"2023-10-27T23:31:20","guid":{"rendered":"https:\/\/smegreenskillshub.eu\/virtualcampus_es\/?page_id=2030"},"modified":"2023-10-27T23:31:20","modified_gmt":"2023-10-27T23:31:20","slug":"manual-de-gamificacion","status":"publish","type":"page","link":"https:\/\/smegreenskillshub.eu\/virtualcampus_es\/manual-de-gamificacion\/","title":{"rendered":"Manual de Gamificaci\u00f3n"},"content":{"rendered":"<p>El <strong>Manual de Gamificaci\u00f3n para implementar los Objetivos de Desarrollo Sostenible en las pymes<\/strong> ha sido dise\u00f1ado como una gu\u00eda pr\u00e1ctica que proporciona ideas, consejos, ejemplos y buenas pr\u00e1cticas sobre las ventajas de aplicar la gamificaci\u00f3n en la EFP como un enfoque poderoso para hacer frente a los retos globales de sostenibilidad, al tiempo que se mejoran las habilidades del personal de las pymes.<\/p>\n<p>El manual est\u00e1 estructurado de la siguiente manera<\/p>\n<ol>\n<li>La gamificaci\u00f3n en la Educaci\u00f3n y Formaci\u00f3n Profesional<\/li>\n<li>Aplicando la gamificaci\u00f3n para implementar los ODS en las pymes a trav\u00e9s de la EFP<\/li>\n<li>C\u00f3mo gamificar la formaci\u00f3n del personal en la empresa<\/li>\n<li>Gamificaci\u00f3n en los materiales de formaci\u00f3n de SME Green Skills HUB<\/li>\n<li>Buenas pr\u00e1cticas<\/li>\n<\/ol>\n<p>&nbsp;<\/p>\n<a href=\"https:\/\/smegreenskillshub.eu\/virtualcampus_es\/wp-content\/uploads\/2023\/10\/SME-GS-HUB_IO2_Gamification_Handbook_ES.pdf\" class=\"pdfemb-viewer\" style=\"width: 750px; \" data-width=\"750\" data-height=\"max\"  data-toolbar=\"both\" data-toolbar-fixed=\"off\">SME-GS-HUB_IO2_Gamification_Handbook_ES<br\/><\/a>\n<p>&nbsp;<\/p>\n<p><a href=\"https:\/\/smegreenskillshub.eu\/virtualcampus_es\/wp-content\/uploads\/2023\/10\/SME-GS-HUB_IO2_Gamification_Handbook_ES.pdf\" target=\"_blank\" rel=\"noopener\">Descargar el Manual de Gamificaci\u00f3n<\/a><\/p>\n","protected":false},"excerpt":{"rendered":"<p>El Manual de Gamificaci\u00f3n para implementar los Objetivos de Desarrollo Sostenible en las pymes ha sido dise\u00f1ado como una gu\u00eda pr\u00e1ctica que proporciona ideas, consejos, ejemplos y buenas pr\u00e1cticas sobre &hellip; <\/p>\n","protected":false},"author":1,"featured_media":0,"parent":0,"menu_order":0,"comment_status":"closed","ping_status":"closed","template":"","meta":[],"acf":[],"_links":{"self":[{"href":"https:\/\/smegreenskillshub.eu\/virtualcampus_es\/wp-json\/wp\/v2\/pages\/2030"}],"collection":[{"href":"https:\/\/smegreenskillshub.eu\/virtualcampus_es\/wp-json\/wp\/v2\/pages"}],"about":[{"href":"https:\/\/smegreenskillshub.eu\/virtualcampus_es\/wp-json\/wp\/v2\/types\/page"}],"author":[{"embeddable":true,"href":"https:\/\/smegreenskillshub.eu\/virtualcampus_es\/wp-json\/wp\/v2\/users\/1"}],"replies":[{"embeddable":true,"href":"https:\/\/smegreenskillshub.eu\/virtualcampus_es\/wp-json\/wp\/v2\/comments?post=2030"}],"version-history":[{"count":1,"href":"https:\/\/smegreenskillshub.eu\/virtualcampus_es\/wp-json\/wp\/v2\/pages\/2030\/revisions"}],"predecessor-version":[{"id":2031,"href":"https:\/\/smegreenskillshub.eu\/virtualcampus_es\/wp-json\/wp\/v2\/pages\/2030\/revisions\/2031"}],"wp:attachment":[{"href":"https:\/\/smegreenskillshub.eu\/virtualcampus_es\/wp-json\/wp\/v2\/media?parent=2030"}],"curies":[{"name":"wp","href":"https:\/\/api.w.org\/{rel}","templated":true}]}}