{"id":10,"date":"2021-09-20T17:07:35","date_gmt":"2021-09-20T17:07:35","guid":{"rendered":"https:\/\/smegreenskillshub.eu\/virtualcampus_pt\/?page_id=10"},"modified":"2023-10-27T22:06:33","modified_gmt":"2023-10-27T22:06:33","slug":"home","status":"publish","type":"page","link":"https:\/\/smegreenskillshub.eu\/virtualcampus_pt\/","title":{"rendered":"Campus Virtual"},"content":{"rendered":"\t\t<div data-elementor-type=\"wp-page\" data-elementor-id=\"10\" class=\"elementor elementor-10\">\n\t\t\t\t\t\t\t\t\t<section class=\"elementor-section elementor-top-section elementor-element elementor-element-bb01151 elementor-section-boxed elementor-section-height-default elementor-section-height-default\" data-id=\"bb01151\" data-element_type=\"section\" data-settings=\"{&quot;background_background&quot;:&quot;classic&quot;}\">\n\t\t\t\t\t\t<div class=\"elementor-container elementor-column-gap-default\">\n\t\t\t\t\t<div class=\"elementor-column elementor-col-100 elementor-top-column elementor-element elementor-element-1446a1b\" data-id=\"1446a1b\" data-element_type=\"column\">\n\t\t\t<div class=\"elementor-widget-wrap elementor-element-populated\">\n\t\t\t\t\t\t\t\t<div class=\"elementor-element elementor-element-0db8ce5 elementor-widget elementor-widget-heading\" data-id=\"0db8ce5\" data-element_type=\"widget\" data-widget_type=\"heading.default\">\n\t\t\t\t<div class=\"elementor-widget-container\">\n\t\t\t<style>\/*! elementor - v3.10.2 - 29-01-2023 *\/\n.elementor-heading-title{padding:0;margin:0;line-height:1}.elementor-widget-heading .elementor-heading-title[class*=elementor-size-]>a{color:inherit;font-size:inherit;line-height:inherit}.elementor-widget-heading .elementor-heading-title.elementor-size-small{font-size:15px}.elementor-widget-heading .elementor-heading-title.elementor-size-medium{font-size:19px}.elementor-widget-heading .elementor-heading-title.elementor-size-large{font-size:29px}.elementor-widget-heading .elementor-heading-title.elementor-size-xl{font-size:39px}.elementor-widget-heading .elementor-heading-title.elementor-size-xxl{font-size:59px}<\/style><h1 class=\"elementor-heading-title elementor-size-default\">CAMPUS VIRTUAL<\/h1>\t\t<\/div>\n\t\t\t\t<\/div>\n\t\t\t\t<div class=\"elementor-element elementor-element-fd920c6 elementor-widget elementor-widget-heading\" data-id=\"fd920c6\" data-element_type=\"widget\" data-widget_type=\"heading.default\">\n\t\t\t\t<div class=\"elementor-widget-container\">\n\t\t\t<h2 class=\"elementor-heading-title elementor-size-default\">SME Green Skills HUB<\/h2>\t\t<\/div>\n\t\t\t\t<\/div>\n\t\t\t\t\t<\/div>\n\t\t<\/div>\n\t\t\t\t\t\t\t<\/div>\n\t\t<\/section>\n\t\t\t\t<section class=\"elementor-section elementor-top-section elementor-element elementor-element-9564614 elementor-section-boxed elementor-section-height-default elementor-section-height-default\" data-id=\"9564614\" data-element_type=\"section\">\n\t\t\t\t\t\t<div class=\"elementor-container elementor-column-gap-default\">\n\t\t\t\t\t<div class=\"elementor-column elementor-col-100 elementor-top-column elementor-element elementor-element-ebabe7b\" data-id=\"ebabe7b\" data-element_type=\"column\">\n\t\t\t<div class=\"elementor-widget-wrap elementor-element-populated\">\n\t\t\t\t\t\t\t\t<div class=\"elementor-element elementor-element-43ea05a elementor-widget elementor-widget-text-editor\" data-id=\"43ea05a\" data-element_type=\"widget\" data-widget_type=\"text-editor.default\">\n\t\t\t\t<div class=\"elementor-widget-container\">\n\t\t\t<style>\/*! elementor - v3.10.2 - 29-01-2023 *\/\n.elementor-widget-text-editor.elementor-drop-cap-view-stacked .elementor-drop-cap{background-color:#818a91;color:#fff}.elementor-widget-text-editor.elementor-drop-cap-view-framed .elementor-drop-cap{color:#818a91;border:3px solid;background-color:transparent}.elementor-widget-text-editor:not(.elementor-drop-cap-view-default) .elementor-drop-cap{margin-top:8px}.elementor-widget-text-editor:not(.elementor-drop-cap-view-default) .elementor-drop-cap-letter{width:1em;height:1em}.elementor-widget-text-editor .elementor-drop-cap{float:left;text-align:center;line-height:1;font-size:50px}.elementor-widget-text-editor .elementor-drop-cap-letter{display:inline-block}<\/style>\t\t\t\t<p>O HUB de forma\u00e7\u00e3o do projeto <strong>SME Green Skills HUB<\/strong> \u00e9 uma plataforma digital multilingue online que disponibiliza atividades e recursos did\u00e1ticos para apoiar a implementa\u00e7\u00e3o dos <strong>Objetivos de Desenvolvimento Sustent\u00e1vel<\/strong> (ODS) nas <strong>Pequenas e M\u00e9dias Empresas<\/strong> (PME), atrav\u00e9s do <strong>Ensino e Forma\u00e7\u00e3o Profissional<\/strong> (EFP).<\/p><p>O HUB de forma\u00e7\u00e3o tem como objetivo a requalifica\u00e7\u00e3o de <strong>formadores, consultores e mentores do Ensino e Forma\u00e7\u00e3o Profissional<\/strong> para que possam auxiliar os <strong>gestores e colaboradores<\/strong> das PME europeias a transformar a sua atual pr\u00e1tica empresarial em dire\u00e7\u00e3o a um mundo mais sustent\u00e1vel.<\/p><p>O HUB de forma\u00e7\u00e3o do projeto <strong>SME Green Skills HUB<\/strong> est\u00e1 dispon\u00edvel em portugu\u00eas, ingl\u00eas, italiano, espanhol e turco. Permite aceder aos quatro pilares principais do projeto, que s\u00e3o os seguintes:<\/p><ul><li><span style=\"font-weight: 400;\"><a href=\"https:\/\/smegreenskillshub.eu\/virtualcampus_pt\/online-instructional-guide\/\" rel=\"noopener\"><strong>guia online sobre compet\u00eancias digitais<\/strong><\/a> para aprendizagem virtual, concebido para melhorar as compet\u00eancias digitais de formadores, consultores e mentores de EFP e facilitar a sua intera\u00e7\u00e3o com ambientes virtuais de aprendizagem. O guia est\u00e1 dispon\u00edvel para<em> download<\/em> gratuito no formato PDF<\/span><\/li><li><a href=\"https:\/\/smegreenskillshub.eu\/virtualcampus_pt\/training-modules\/\" rel=\"noopener\"><strong>m\u00f3dulos formativos<\/strong><\/a> que fornecem um conjunto estruturado de conte\u00fados de forma\u00e7\u00e3o inovadores e atividades pr\u00e1ticas para apoiar a implementa\u00e7\u00e3o dos ODS nas PME atrav\u00e9s do EFP e que podem servir como base para a conce\u00e7\u00e3o de um programa de forma\u00e7\u00e3o ideal nesta mat\u00e9ria. O conjunto de m\u00f3dulos est\u00e1 dispon\u00edvel para <em>download<\/em> gratuito no formato PDF<\/li><li>um amplo conjunto de <a href=\"https:\/\/smegreenskillshub.eu\/virtualcampus_pt\/vooc\/\" rel=\"noopener\"><strong><em>Vocational Open Online Courses<\/em> (VOOC)<\/strong><\/a>, que abrangem materiais did\u00e1ticos concebidos para auxiliar os formadores, consultores e mentores de EFP a apoiar a implementa\u00e7\u00e3o dos ODS nas PME e que foram desenvolvidos com base no Quadro Europeu de Qualifica\u00e7\u00f5es (QEQ). Pode aceder gratuitamente aos VOOC, bastando inscrever-se e iniciar sess\u00e3o<\/li><li>um <a href=\"https:\/\/smegreenskillshub.eu\/virtualcampus_pt\/manual-de-gamificacao\/\"><strong>Manual de gamifica\u00e7\u00e3o<\/strong><\/a> para implementar os ODS nas PME est\u00e1 tamb\u00e9m dispon\u00edvel no HUB de forma\u00e7\u00e3o. Este guia pr\u00e1tico fornece ideias, dicas, exemplos e boas pr\u00e1ticas sobre as vantagens de aplicar a gamifica\u00e7\u00e3o no Ensino e Forma\u00e7\u00e3o Profissional (EFP) face aos desafios globais de sustentabilidade.<\/li><li><span style=\"font-weight: 400;\"><a href=\"https:\/\/smegreenskillshub.eu\/virtualcampus_pt\/assessment-app\/\" rel=\"noopener\"><strong>app para avalia\u00e7\u00e3o de compet\u00eancias<\/strong><\/a>, uma ferramenta de avalia\u00e7\u00e3o online, que pode ser utilizada por formadores, consultores e mentores do EFP para identificar o seu n\u00edvel de compet\u00eancia e quais os seus requisitos de forma\u00e7\u00e3o para poderem apoiar a implementa\u00e7\u00e3o dos ODS nas PME<\/span><span style=\"font-weight: 400;\">.<\/span><\/li><\/ul><p><strong>Porque deve utilizar os recursos aqui disponibilizados?<\/strong><\/p><p>As atividades e os recursos did\u00e1ticos inclu\u00eddos neste HUB de forma\u00e7\u00e3o possibilitam o acesso a um vasto conjunto de informa\u00e7\u00e3o sobre o apoio \u00e0 implementa\u00e7\u00e3o dos ODS nas PME atrav\u00e9s do Ensino e Forma\u00e7\u00e3o Profissional. Os m\u00f3dulos formativos incluem atividades que podem ser aplicadas como tal, mas tamb\u00e9m podem ser adaptadas \u00e0s necessidades ou em sess\u00f5es presenciais com os colaboradores das PME. Os VOOC foram concebidos para ajudar a melhorar o conhecimento e a compreens\u00e3o das diferentes formas de colocar as PME na senda da sustentabilidade e como as envolver nesse processo.<\/p><p><strong>Qual \u00e9 o objetivo da app para avalia\u00e7\u00e3o de compet\u00eancias?<\/strong><\/p><p style=\"margin-bottom: 0cm; tab-stops: 120.5pt;\">A app permite aos formadores, consultores e mentores de EFP avaliarem o seu atual n\u00edvel de compet\u00eancia para apoiar a implementa\u00e7\u00e3o dos ODS nas PME. Ir\u00e1 fornecer <em>feedback<\/em> e recomenda\u00e7\u00f5es sobre cursos de forma\u00e7\u00e3o a frequentar e tamb\u00e9m um \u201cplano de aperfei\u00e7oamento\u201d, que disponibiliza um conjunto de atividades (e um espa\u00e7o para acompanhar o progresso), de modo a melhorar conhecimentos, compreens\u00e3o e experi\u00eancia na \u00e1rea da sustentabilidade nas empresas.<\/p>\t\t\t\t\t\t<\/div>\n\t\t\t\t<\/div>\n\t\t\t\t\t<\/div>\n\t\t<\/div>\n\t\t\t\t\t\t\t<\/div>\n\t\t<\/section>\n\t\t\t\t\t\t\t<\/div>\n\t\t","protected":false},"excerpt":{"rendered":"<p>CAMPUS VIRTUAL SME Green Skills HUB O HUB de forma\u00e7\u00e3o do projeto SME Green Skills HUB \u00e9 uma plataforma digital multilingue online que disponibiliza atividades e recursos did\u00e1ticos para apoiar &hellip; <\/p>\n","protected":false},"author":1,"featured_media":0,"parent":0,"menu_order":0,"comment_status":"closed","ping_status":"closed","template":"elementor_header_footer","meta":[],"acf":[],"_links":{"self":[{"href":"https:\/\/smegreenskillshub.eu\/virtualcampus_pt\/wp-json\/wp\/v2\/pages\/10"}],"collection":[{"href":"https:\/\/smegreenskillshub.eu\/virtualcampus_pt\/wp-json\/wp\/v2\/pages"}],"about":[{"href":"https:\/\/smegreenskillshub.eu\/virtualcampus_pt\/wp-json\/wp\/v2\/types\/page"}],"author":[{"embeddable":true,"href":"https:\/\/smegreenskillshub.eu\/virtualcampus_pt\/wp-json\/wp\/v2\/users\/1"}],"replies":[{"embeddable":true,"href":"https:\/\/smegreenskillshub.eu\/virtualcampus_pt\/wp-json\/wp\/v2\/comments?post=10"}],"version-history":[{"count":92,"href":"https:\/\/smegreenskillshub.eu\/virtualcampus_pt\/wp-json\/wp\/v2\/pages\/10\/revisions"}],"predecessor-version":[{"id":1971,"href":"https:\/\/smegreenskillshub.eu\/virtualcampus_pt\/wp-json\/wp\/v2\/pages\/10\/revisions\/1971"}],"wp:attachment":[{"href":"https:\/\/smegreenskillshub.eu\/virtualcampus_pt\/wp-json\/wp\/v2\/media?parent=10"}],"curies":[{"name":"wp","href":"https:\/\/api.w.org\/{rel}","templated":true}]}}